 + 562. Calculate a(10).
192
Let r(p) = -p**2 - 20*p + 57. What is r(-18)?
93
Let i(x) = 783*x + 22685. Calculate i(-29).
-22
Let v(u) = u**2 - 36*u + 11. Determine v(35).
-24
Let f(r) = 2705*r - 281312. Calculate f(104).
8
Let k(m) = -15*m + 95. Give k(2).
65
Let g(q) = -34*q**3 + 359*q**2 - 189*q - 13. Give g(10).
-3
Let f(n) = n**2 + 113*n - 605. What is f(5)?
-15
Let k(g) = -11*g**2 - 42*g + 417. Give k(5).
-68
Let v(k) = 13*k**2 - 2058*k + 459. Give v(158).
-173
Let b(t) = -2*t**2 + 90*t - 250. Give b(42).
2
Let q(j) = -j**2 - 2*j + 129. Determine q(-13).
-14
Let w(b) = -54*b - 194. What is w(-4)?
22
Let g(x) = 2*x**2 + 32*x + 18. Give g(-13).
-60
Let p(c) = -5*c**2 - 164*c + 16885. Determine p(44).
-11
Let f(w) = -5*w**2 - 77*w - 92. Calculate f(-14).
6
Let m(y) = -22*y - 1789. What is m(-82)?
15
Let c(v) = 2*v**3 + 25*v**2 - 201*v - 57. What is c(-18)?
-3
Let c(p) = -2459*p - 24573. Determine c(-10).
17
Let y(i) = -2*i**3 - 32*i**2 + 9*i + 171. Determine y(-16).
27
Let k(n) = -86*n - 972. Calculate k(-11).
-26
Let j(g) = -3*g**2 - 152*g + 375. What is j(-53)?
4
Let n(s) = -17*s + 720. Determine n(55).
-215
Let q(n) = -53*n + 489. Calculate q(9).
12
Let k(p) = -2*p**2 - 29*p - 78. Determine k(-11).
-1
Let l(v) = 5*v**3 - 354*v**2 - 72*v + 75. Determine l(71).
4
Let j(n) = -21*n + 600. Give j(30).
-30
Let k(o) = -o**3 - 8*o**2 + 4*o + 67. Calculate k(-7).
-10
Let c(a) = 8*a**3 - 2*a**2 - 7*a + 9. Give c(3).
186
Let x(r) = r**3 + 2*r**2 - 25*r - 58. What is x(-3)?
8
Let p(v) = 370*v + 2625. What is p(-7)?
35
Let a(y) = 293*y - 156. What is a(2)?
430
Let m(o) = -7*o**2 - 228*o + 613. Give m(-35).
18
Let z(v) = v**2 + 12*v - 27. What is z(-16)?
37
Let j(t) = -t**2 - 132*t - 4298. Give j(-58).
-6
Let m(v) = -30*v**3 - 11*v**2 + 14*v + 27. What is m(-1)?
32
Let q(b) = -60*b - 3231. Give q(-54).
9
Let b(c) = 4948*c - 29721. Give b(6).
-33
Let j(h) = h**2 + 29*h + 59. Determine j(-28).
31
Let p(t) = t**3 + 28*t**2 + 71*t - 39. Give p(-25).
61
Let s(y) = y**3 - 14*y**2 - 9*y + 58. Determine s(14).
-68
Let d(f) = 398*f**2 + 2384*f - 28. Give d(-6).
-4
Let j(r) = -2*r**3 + 60*r**2 - 19*r - 1136. Calculate j(29).
-5
Let j(f) = -3*f**3 + 418*f**2 - 109*f - 4169. What is j(139)?
1
Let y(u) = -192*u + 6. What is y(0)?
6
Let y(i) = i**3 + 24*i**2 + 130*i - 130. What is y(-11)?
13
Let r(h) = -20*h**2 - h + 12. Give r(-1).
-7
Let i(d) = d**2 - 36*d - 24. Calculate i(20).
-344
Let b(p) = -72*p**2 - 6262*p + 180. Calculate b(-87).
6
Let o(n) = -3*n - 192. Determine o(-17).
-141
Let w(z) = -64*z - 26. Give w(5).
-346
Let k(r) = 1657*r - 59635. What is k(36)?
17
Let t(n) = -n**3 + 19*n**2 + 204*n - 3862. Give t(19).
14
Let k(v) = -v**3 + 44*v**2 - 290*v + 68. What is k(36)?
-4
Let j(u) = -u**2 + 138*u - 4766. Calculate j(69).
-5
Let q(x) = -x**2 - 12*x + 2049. Calculate q(43).
-316
Let c(n) = -n**2 + 11*n - 178. Calculate c(0).
-178
Let m(j) = -12160*j - 60777. Determine m(-5).
23
Let o(h) = -h**3 - 4*h**2 + 57*h + 328. Determine o(-7).
76
Let g(r) = 145*r - 2339. Determine g(16).
-19
Let n(r) = 19*r + 882. Give n(-46).
8
Let b(p) = -p**3 - 34*p**2 + 43*p + 262. Calculate b(-35).
-18
Let i(l) = 59*l**3 - 9*l - 2. What is i(-2)?
-456
Let r(v) = -1522*v - 10610. Give r(-7).
44
Let n(m) = 169*m + 7093. What is n(-42)?
-5
Let y(h) = -7*h - 200. What is y(-30)?
10
Let i(x) = -5*x**2 + 15*x + 13. Give i(0).
13
Let f(l) = -l**3 - 12*l**2 + 17*l - 136. Give f(-14).
18
Let y(n) = 2371*n + 7131. Determine y(-3).
18
Let i(k) = -17*k + 158. Calculate i(7).
39
Let z(y) = 5*y**2 + 34*y - 44. Give z(-7).
-37
Let s(z) = -2*z**2 + 12*z + 101. Determine s(-11).
-273
Let g(t) = -t**3 + 11*t**2 - 23*t - 30. Determine g(6).
12
Let j(s) = 7*s**2 - 11*s + 38. Give j(6).
224
Let x(k) = 23*k**3 - 115*k**2 + k - 5. Determine x(5).
0
Let t(g) = 268*g - 3229. Determine t(12).
-13
Let b(y) = -y**2 + 77*y + 69. Give b(0).
69
Let w(k) = k**3 - 9*k**2 + 34. Determine w(6).
-74
Let r(z) = -64*z**2 - 271*z - 9. What is r(-6)?
-687
Let y(f) = -5*f**2 - 26*f - 49. Determine y(-3).
-16
Let n(a) = a**2 + 6*a - 48. What is n(-9)?
-21
Let c(d) = 2*d**3 - 35*d**2 - 32*d + 275. What is c(18)?
23
Let h(c) = 2*c**3 - 30*c**2 + 55*c - 34. Determine h(13).
5
Let j(i) = 2408*i - 16743. Determine j(7).
113
Let j(o) = o**2 - 2242*o - 4485. What is j(-2)?
3
Let f(h) = -480*h - 484. Calculate f(-1).
-4
Let v(a) = -a**3 - 24*a**2 + 222*a + 183. Calculate v(-31).
28
Let m(q) = -2*q**3 + 62*q**2 - 119*q + 35. Calculate m(29).
-52
Let m(q) = q**2 + 168*q + 2939. What is m(-20)?
-21
Let i(t) = 1390*t + 36137. Calculate i(-26).
-3
Let o(s) = -3*s**3 - 8*s**2 + 10*s - 32. What is o(-5)?
93
Let l(g) = -g**3 + 22*g**2 + 63*g - 864. Determine l(23).
56
Let k(s) = -s**3 + 27*s**2 + 2*s - 35. What is k(27)?
19
Let a(g) = 34*g - 4224. What is a(125)?
26
Let l(h) = -4*h**2 - 247*h - 1091. Give l(-57).
-8
Let y(f) = f**2 + f - 90. Give y(0).
-90
Let f(o) = -o**2 - 12*o - 8. Give f(0).
-8
Let c(l) = l**3 + 91*l**2 + 5*l + 461. Determine c(-91).
6
Let f(q) = -435*q**2 + 33931*q - 77. Give f(78).
1
Let c(n) = -n + 27. What is c(0)?
27
Let x(m) = 865*m + 21589. Calculate x(-25).
-36
Let q(i) = -4*i**3 + i**2 + 3*i + 97. Determine q(0).
97
Let b(k) = -15*k**2 - 8*k - 20. Determine b(-2).
-64
Let u(v) = 22*v - 473. Give u(21).
-11
Let l(z) = 14*z - 25. What is l(4)?
31
Let d(k) = -290*k + 8133. Give d(28).
13
Let h(r) = -6*r**2 - 126*r - 619. Give h(-13).
5
Let b(v) = 9*v - 68. Give b(17).
85
Let p(t) = 50*t - 598. Calculate p(9).
-148
Let q(v) = -75*v + 452. Calculate q(9).
-223
Let q(j) = -808*j - 3181. What is q(-4)?
51
Let i(g) = -g**2 + 37*g - 89. Determine i(34).
13
Let o(h) = 2*h**2 - 17*h + 59. Give o(6).
29
Let v(k) = 546*k - 549. Determine v(1).
-3
Let o(a) = -4*a**2 - 38*a + 232. Calculate o(6).
-140
Let n(j) = j**3 + 5*j**2 + 86*j + 401. Determine n(-5).
-29
Let f(t) = 2*t**2 - 45*t + 33. Calculate f(22).
11
Let u(t) = t**2 - 2097*t + 16712. Determine u(8).
0
Let d(t) = -26*t + 207. Give d(4).
103
Let b(y) = -y**2 + 20*y + 210. Calculate b(27).
21
Let d(m) = -m**3 - 14*m**2 - 70*m - 1309. What is d(-15)?
-34
Let q(a) = 5*a**2 + 198*a + 120. Give q(-39).
3
Let h(c) = c**2 - 125*c - 2299. Calculate h(-17).
115
Let m(n) = -4*n**2 + 16*n - 6. Calculate m(7).
-90
Let f(j) = -j**3 + 41*j**2 - 76*j + 102. Calculate f(39).
180
Let m(c) = c**3 - 13*c**2 + 24*c + 27. Give m(10).
-33
Let d(t) = t**3 + 7*t**2 - 16*t - 79. Determine d(-3).
5
Let x(g) = 2*g**3 + 9*g**2 + 4*g - 10. Calculate x(-7).
-283
Let m(r) = 4*r**2 + 3*r - 23. Give m(9).
328
Let o(d) = 77*d + 6092. What is o(-79)?
9
Let r(o) = 210*o + 2703. Calculate r(-13).
-27
Let a(k) = -2*k**2 + 5*k - 11. Determine a(11).
-198
Let h(g) = -g**3 + 35*g**2 + 74*g + 85. Give h(37).
85
Let z(k) = -24*k + 313. Give z(13).
1
Let o(w) = -w**3 + 3*w**2 + 183*w + 21. Give o(-12).
-15
Let w(p) = -27*p - 755. Determine w(-27).
-26
Let l(i) = -40*i + 226. Give l(9).
-134
Let o(x) = 64*x**2 + 7*x + 18. Determine o(-2).
260
Let p(b) = -3*b**2 - 82*b + 750. What is p(8)?
-98
Let j(d) = -2*d**3 - 8*d**2 - 85*d - 353. Calculate j(-4).
-13
Let x(v) = 4*v**2 - 4*v + 6. Calculate x(2).
14
Let f(w) = -9*w**2 - 59*w + 373. What is f(9)?
-887
Let l(d) = -15*d**2 - 34*d - 228. Determine l(-8).
-916
Let b(j) = 6*j**2 + 138*j - 138. Give b(1).
6
Let u(w) = 3760*w - 11290. Give u(3).
-10
Let p(a) = -38*a**2 - 62*a + 3. Give p(-2).
-25
Let v(c) = 5*c**3 - 135*c**2 + 3*c - 50. Determine v(27).
31
Let f(c) = -c**3 - 53*c**2 - 47*c + 259. Give f(-52).
-1
Let y(l) = 2*l**2 - 137*l + 462. Determine y(65).
7
Let p(q) = 76*q + 1611. Give p(-12).
699
Let o(u) = 1171*u - 9381. What is o(8)?
-13
Let k(l) = 2*l**3 - 338*l**2 + 318*l + 3023. What is k(168)?
-1
Let x(n) = -n**3 - 12*n**2 - 4*n + 17. What is x(-8)?
-207
Let x(g) = 6*g**2 - 102*g - 22. Calculate x(18).
86
Let p(h) = 10*h**3 + 15*h**2 - 36*h + 5. What is p(2)?
73
Let x(b) = 3*b**2 - 3*b + 17. Calculate x(7).
143
Let w(c) = -55*c + 1774. Calculate w(32).
14
Let o(z) = z**2 - 43*z + 302. Give o(9).
-4
Let b(g) = -2*g**3 + 24*g**2 - 14*g + 12. Determine b(11).
100
Let q(p) = -8*p + 187. Calculate q(16).
59
Let k(u) = -57*u**2 - 4958*u + 108. What is k(-87)?
21
Let z(s) = -2*s**2 - 2163*s - 2163. Give z(-1).
-2
Let p(n) = -n**3 + 18*n**2 + 17*n - 74